 of -g**4/4 - 16*g**3/3 - 3*g**2 - 15*g + 4. Suppose 0 = 51*u - 67*u - 256. List the prime factors of a(u).
3
Let k(d) = 3900*d**2 - 3407*d - 1. List the prime factors of k(5).
2, 47, 107
Let j(n) = -3*n + 2*n**2 + 2*n**2 - 3*n**2 + 2 - 2*n**2 - 4*n**2 - 39*n**3. What are the prime factors of j(-2)?
2, 3, 5
Let d(r) = -r**2 - 135*r - 179. List the prime factors of d(-65).
3, 31, 47
Let s(l) = 5*l**3 - 22*l**2 + 148*l - 6. Let a = -52 + 58. List the prime factors of s(a).
2, 3, 5, 13
Let t(i) = -29*i**3 - 98*i**2 - 389*i + 2. List the prime factors of t(-4).
2, 13, 71
Let j = -9468 + 33107. What are the prime factors of j?
7, 11, 307
Let m(j) = 21*j - 7*j - 10*j - 12*j - 13 + 3*j**2. Suppose -7 = -2*q + 7. What are the prime factors of m(q)?
2, 3, 13
Let x(t) = -895*t - 432. Let p be x(-9). Suppose 39*f - 66786 = -p. List the prime factors of f.
37, 41
Suppose 14*y - 6843 - 1589 = 25056. List the prime factors of y.
2, 13, 23
Let n(f) = 94*f + 117. Let m(v) = 276*v + 350. Let b(d) = 4*m(d) - 11*n(d). What are the prime factors of b(16)?
3, 137
Let j(n) = 201*n**2 + 56*n + 291. What are the prime factors of j(-6)?
3, 17, 47
Let q = -2558 + 4374. Let z = q - 872. List the prime factors of z.
2, 59
Let i(l) = -37612*l - 648. What are the prime factors of i(-1)?
2, 9241
What are the prime factors of ((-553)/3)/((-14)/(-28) - 11/18)?
3, 7, 79
Let x(q) = 239*q**2 + 14*q + 14. Let o be x(-1). Let l be -3 + 3 + -1 - -345. Let n = l - o. List the prime factors of n.
3, 5, 7
Let u = 11 + -16. List the prime factors of u - 7/(49/(-1190)).
3, 5, 11
Let n(u) be the second derivative of 14*u**3 - 99*u**2/2 + 41*u. What are the prime factors of n(6)?
3, 5
Let z(w) = 28*w**2 - 36*w - 69 + 42*w + 80. What are the prime factors of z(-3)?
5, 7
Let n(c) = c**3 - 5*c**2 - 3*c - 13. Suppose 4*j = 3*l + 44, 3*j + 41 = -3*l - 10. Let t be (-6)/8 - 108/l. List the prime factors of n(t).
5
Let q(g) = g**2 + 18*g. Let l be q(-18). Let y be (l + 7)*(-6)/(-14). Suppose -y*u - 1 + 7 = 0. What are the prime factors of u?
2
Suppose 0 = -10*s + 97 - 17. Suppose 5*w + s = 6*w. Suppose -w*d = -296 + 112. List the prime factors of d.
23
Let a = -264 + 284. What are the prime factors of (-5)/a - (-3434)/8?
3, 11, 13
Suppose s + 3*d - 51 = 0, -4*d + 6 = 2. Let m = 50 - s. Suppose -3*l + 2*t = -847, m*l + t + 65 = 625. What are the prime factors of l?
281
Let l(d) = 3*d - 23. Let h be l(8). Let r be 72/h + -2 + (3 - 3). Suppose -3*m + 12 = 0, 64 = 3*u - 4*m - r. What are the prime factors of u?
2, 5
Let m be 256/7 - (-8 - (-300)/35). Let d be 2/(-7) + 194/(-7). Let t = d + m. What are the prime factors of t?
2
Let u(h) = 12 - 4*h + 169*h - 509*h + 170*h. List the prime factors of u(-1).
2, 3, 31
Let h(z) = -2*z**2 + 13*z - 661. Let d(c) = -c**2 - 1. Let r(s) = 3*d(s) - h(s). What are the prime factors of r(0)?
2, 7, 47
Suppose 51*z - 46*z + 370832 = 27*z. List the prime factors of z.
2, 7, 43
Suppose 30*g = 29*g + 135. Let m = 175 - g. Suppose 0 = -4*r + 5*r + 2*y - 26, -y + m = 2*r. List the prime factors of r.
2, 3
Let j(o) = 240*o**2 + 34*o - 6. What are the prime factors of j(-5)?
2, 7, 13
Let b(x) = 9*x**2 + 5*x - 7. Let n be b(3). Let a = 83 - n. List the prime factors of (94/a)/(22/(-330)).
5, 47
What are the prime factors of (36 + 3538/(-87))/((4/25890)/(-1))?
5, 7, 863
List the prime factors of 253407/44 + -24 + (-2)/8.
5, 31, 37
Suppose 9*o - 80 = 127. Let l(n) = n**3 - 20*n**2 - 43*n + 31. What are the prime factors of l(o)?
17, 37
Let z(n) = -5*n - 70 + 69 + 6*n. Suppose 5*g + 36 = -i + 5*i, 4*g - 44 = -2*i. What are the prime factors of z(i)?
13
Let n(k) = -14704*k - 581. List the prime factors of n(-1).
29, 487
Suppose 2*l + 3*h - 31805 = 0, 63603 = 4*l + 72*h - 73*h. What are the prime factors of l?
15901
Let o = -727 - -1162. Suppose 2*h + 3*a - o = 0, 3*h - 5*h + 5*a = -395. What are the prime factors of ((-8)/(-5))/(7/h)?
2, 3
Let s be 7*(21 + -1*(-4 - -8)). Let v = s + -110. Let q(u) = u**2 + 9*u - 46. List the prime factors of q(v).
2, 29
Suppose -154 = -8*y + 3478. What are the prime factors of y + (-1 - -1) + 9?
463
Let l = 7052 - 2689. Suppose -l + 14738 = 25*u. What are the prime factors of u?
5, 83
Let o = 208 + -205. Suppose -o*w - 7488 = -15*w. List the prime factors of w.
2, 3, 13
Suppose 5*y - 7680 = -5*x + 11110, -3*x = -5*y - 11250. List the prime factors of x.
5, 751
Suppose 122*j - 121*j = 5*k - 35853, 4*j - 35888 = -5*k. What are the prime factors of k?
2, 11, 163
Suppose 1751*l - 74145 = 1748*l. What are the prime factors of l?
5, 4943
What are the prime factors of ((-2)/(-9) + 117460/(-450))/(4/(-190))?
2, 19, 163
Suppose -28*z + 155469 = -8023. What are the prime factors of z?
5839
Let h = -10586 - -5825. List the prime factors of (-6)/8*-4*h/(-27).
23
Suppose 0*t = c - 5*t + 193, 0 = 3*c - t + 551. Let v = -3811 + 3722. Let k = v - c. List the prime factors of k.
2, 47
Suppose -8*s = -7*s - 234. Let x = s + -24. What are the prime factors of x?
2, 3, 5, 7
What are the prime factors of (-60125680)/(-2829)*(0 - 6/(-4))?
2, 5, 797
Let w = 70330 + -35571. List the prime factors of w.
34759
Let a(w) = -7*w**2 - 814*w - 481. List the prime factors of a(-107).
2, 3, 13, 83
Let p(a) = 24*a**2 + 2*a + 5. Let r be p(-4). Suppose -4*s = -s - r. Suppose -27 + s = 2*w. What are the prime factors of w?
2, 5
Let q(h) = h**3 + 75*h**2 + 236*h - 120. What are the prime factors of q(-65)?
2, 3, 5, 19, 47
Let q be 3 - 2*316*-1. Let x = 970 - q. Suppose 4*v = 5 + x. List the prime factors of v.
5, 17
Let z = -66390 - -98583. What are the prime factors of z?
3, 7, 73
Suppose 55229 = 8*v - 30291 - 5120. List the prime factors of v.
2, 5, 11, 103
Suppose -3*s + 2*q = -583, -q - 767 = -4*s + 12. Suppose 2*b = 3*a - 23, -a - 3*b + 6 + 20 = 0. Suppose 564 + s = a*h. List the prime factors of h.
3, 23
Suppose 0 = 4*u + 4*m - 32, 5*m - 28 = 3*u - 7*u. Suppose -10*n + u*n = -2*k + 370, -2*n = 4*k - 730. What are the prime factors of k?
2, 3, 5
Let t = 1245 + 13170. What are the prime factors of t?
3, 5, 31
Let d(b) = -2*b**2 + 3*b + 4. Let n be d(0). Suppose 4*u - 3*s - 665 = 0, 5*s = -n*u + 193 + 512. List the prime factors of u.
2, 5, 17
Suppose -n = 3*q - 6264 - 5715, -3*n - 3*q = -35901. What are the prime factors of n?
3, 443
Let y(t) = -t**3 - 8*t**2 - 9*t - 4. Let x(b) = -3*b + 47. Let v be x(15). Suppose -16*z = v*z + 126. What are the prime factors of y(z)?
2, 5
Let n = -25 + 21. Let f be 5 + (-12)/(-4) + n. Suppose 3*m - 3*x - 1174 = -454, 0 = -3*m + f*x + 718. List the prime factors of m.
2, 11
Let k be (-1)/((-4)/12) + 13. Let l = k - 0. What are the prime factors of (l/(-5))/(3/(-105))?
2, 7
Suppose 22*a + 106*a + 1224654 = 5273550. List the prime factors of a.
2, 3, 659
Suppose -7*k = -15492 - 6173. List the prime factors of k.
5, 619
Suppose -16*k - 11984 + 51680 = 0. Suppose -4156 = -5*m + 2*t, -2*m - m + k = 3*t. What are the prime factors of m?
2, 5, 83
Suppose -49 = 2*m - 5. Let f = m - -81. Suppose 8*o - 125 = f. List the prime factors of o.
23
Let a(g) be the second derivative of 13*g**5/20 - g**4/12 - 25*g**2/2 + 26*g. Let s(v) be the first derivative of a(v). What are the prime factors of s(-2)?
2, 5
Let g be (-11)/3 - 4/(-6). Let i be g*(-2 - (-3)/(-3)). Suppose -i = -l + 2. What are the prime factors of l?
11
Let i = -108 + 109. Let r be i/1 + 3 - 5152/(-32). Suppose 3*b - 5*b = 3*q - r, -4*b - 3*q + 327 = 0. What are the prime factors of b?
3
Let l = 5371 + 1600. What are the prime factors of l?
6971
List the prime factors of 16489 + -6*(-28)/21.
3, 13, 47
Let u(y) = 3*y**2 - 2*y - 22. Suppose 9 = -46*w + 49*w. Suppose 3*l = -2*i + 23, 3*l + 2*l + 6 = w*i. List the prime factors of u(i).
3, 37
Let g = -68 + 63. List the prime factors of ((-1041)/9 + g)/((-4)/18).
3, 181
Let f(i) = 19*i**2 + 2*i - 82. Let l be f(7). Let h = l - 416. What are the prime factors of h?
3, 149
Let c = 13103 - 6265. List the prime factors of c.
2, 13, 263
Let o(f) = 2*f**2 - 8. Let v be o(-8). Suppose 2*i - v = i - 5*g, -4*g = 3*i - 316. Suppose 0 = -97*z + i*z - 42. What are the prime factors of z?
2, 7
Let i(q) = 88*q**3 - 2*q**2 + 47*q - 216. What are the prime factors of i(7)?
13, 23, 101
Let r = -5588 + 10660. List the prime factors of r.
2, 317
Let o = 325 + -3